61
List the prime factors of 412633032.
2, 3, 7, 19, 257, 503
What are the prime factors of 171989670?
2, 3, 5, 41, 67, 2087
What are the prime factors of 568544059?
568544059
List the prime factors of 2082459586.
2, 10427, 99859
List the prime factors of 5740605991.
47, 122140553
What are the prime factors of 203933549?
41, 4973989
What are the prime factors of 312836966?
2, 13, 12032191
What are the prime factors of 850013660?
2, 5, 42500683
What are the prime factors of 586016414?
2, 3671, 79817
What are the prime factors of 5002245821?
37, 7523, 17971
What are the prime factors of 16260746?
2, 8130373
List the prime factors of 16519545.
3, 5, 7, 5827
What are the prime factors of 3921042306?
2, 3, 14461, 45191
What are the prime factors of 1122239662?
2, 561119831
List the prime factors of 2394730.
2, 5, 13, 109
List the prime factors of 4248763.
1399, 3037
List the prime factors of 148967811.
3, 3163, 5233
What are the prime factors of 267695691?
3, 47, 811, 2341
List the prime factors of 2713864162.
2, 23, 2565089
List the prime factors of 28721594.
2, 11, 1305527
List the prime factors of 1518546006.
2, 3, 19, 4440193
List the prime factors of 338928547.
37, 137, 66863
List the prime factors of 935631303.
3, 47, 6635683
List the prime factors of 863306649.
3, 95922961
List the prime factors of 4309693405.
5, 861938681
List the prime factors of 20354878.
2, 109, 93371
What are the prime factors of 205350511?
67, 3064933
List the prime factors of 464071078.
2, 67, 3463217
What are the prime factors of 44865171?
3, 13, 137, 311
What are the prime factors of 38014722?
2, 3, 23, 91823
What are the prime factors of 90740258?
2, 7, 925921
What are the prime factors of 672489105?
3, 5, 44832607
What are the prime factors of 334874740?
2, 5, 16743737
What are the prime factors of 56960683?
13, 4381591
What are the prime factors of 297161586?
2, 3, 16508977
List the prime factors of 811078658.
2, 13, 2399641
What are the prime factors of 16767407?
16767407
What are the prime factors of 691037236?
2, 191, 904499
List the prime factors of 66465345.
3, 5, 4431023
List the prime factors of 148799597.
31, 4799987
List the prime factors of 210760124.
2, 61, 863771
What are the prime factors of 1269156255?
3, 5, 523, 161779
List the prime factors of 1267600031.
1267600031
List the prime factors of 37958926.
2, 17, 1116439
List the prime factors of 79254027.
3, 53, 166151
List the prime factors of 572789333.
19, 173, 174259
List the prime factors of 648780678.
2, 3, 7, 13, 6287
What are the prime factors of 2401323547?
7, 41, 83, 14401
List the prime factors of 3878614514.
2, 19, 41, 2489483
List the prime factors of 566353451.
397, 1426583
What are the prime factors of 47051013?
3, 37, 423883
List the prime factors of 500880025.
5, 29, 690869
List the prime factors of 22885571.
827, 27673
List the prime factors of 38397817.
38397817
What are the prime factors of 47572711?
239, 199049
List the prime factors of 534193480.
2, 5, 587, 22751
What are the prime factors of 1846283560?
2, 5, 11, 4196099
What are the prime factors of 256261202?
2, 47, 2726183
List the prime factors of 75509292.
2, 3, 6292441
What are the prime factors of 43775918?
2, 17, 61, 21107
List the prime factors of 677452949.
173, 1187, 3299
What are the prime factors of 173495584?
2, 5421737
What are the prime factors of 1974141910?
2, 5, 13, 353, 43019
What are the prime factors of 5139039248?
2, 7, 6554897
What are the prime factors of 2803801142?
2, 29, 157, 163, 1889
List the prime factors of 1034691700.
2, 5, 7, 421, 3511
List the prime factors of 181942992.
2, 3, 7, 11, 61, 269
What are the prime factors of 362126513?
7, 23, 321319
List the prime factors of 1209327385.
5, 7, 17, 193, 10531
What are the prime factors of 36230715?
3, 5, 29, 27763
List the prime factors of 175291805.
5, 13, 29, 92993
What are the prime factors of 43920590?
2, 5, 7, 19, 33023
List the prime factors of 6464467156.
2, 7, 499, 462673
List the prime factors of 6135007259.
37, 307, 540101
List the prime factors of 2180559369.
3, 37, 43, 409, 1117
List the prime factors of 2147012836.
2, 251, 631, 3389
List the prime factors of 49428185.
5, 9885637
What are the prime factors of 631708733?
37, 1303, 13103
What are the prime factors of 39637886?
2, 97, 204319
List the prime factors of 21536534.
2, 59, 229, 797
List the prime factors of 23186786.
2, 7, 1656199
What are the prime factors of 1515424073?
1515424073
What are the prime factors of 28758871?
811, 35461
List the prime factors of 203292084.
2, 3, 16941007
List the prime factors of 6358035361.
809, 7859129
List the prime factors of 52836692.
2, 13209173
What are the prime factors of 2515787693?
2515787693
What are the prime factors of 2374064768?
2, 2609, 7109
List the prime factors of 648491617.
648491617
What are the prime factors of 95034772?
2, 7, 3394099
List the prime factors of 43355243.
43355243
List the prime factors of 228438033.
3, 76146011
What are the prime factors of 448343152?
2, 19, 47, 31379
What are the prime factors of 1001963618?
2, 500981809
List the prime factors of 270330384.
2, 3, 41, 137363
What are the prime factors of 235314451?
235314451
List the prime factors of 1634179832.
2, 204272479
List the prime factors of 58874364.
2, 3, 181711
List the prime factors of 102824642.
2, 2333, 22037
What are the prime factors of 886597643?
757, 1171199
List the prime factors of 97715201.
17, 23, 249911
List the prime factors of 39092808.
2, 3, 1628867
What are the prime factors of 1377312787?
1723, 799369
What are the prime factors of 33412790?
2, 5, 23, 53, 2741
List the prime factors of 1705566135.
3, 5, 7, 13, 1249499
What are the prime factors of 44746396?
2, 691, 16189
List the prime factors of 181362263.
179, 1013197
List the prime factors of 459035794.
2, 7, 23, 463, 3079
What are the prime factors of 175583363?
10531, 16673
What are the prime factors of 38461322?
2, 47, 409163
What are the prime factors of 45242471?
167, 270913
List the prime factors of 851277047.
8837, 96331
List the prime factors of 7302413947.
7302413947
List the prime factors of 189531114.
2, 3, 4133, 7643
What are the prime factors of 212652744?
2, 3, 991, 8941
List the prime factors of 270095334.
2, 3, 239, 188351
What are the prime factors of 160292820?
2, 3, 5, 43, 62129
List the prime factors of 503609902.
2, 251804951
List the prime factors of 36507300.
2, 3, 5, 73, 1667
What are the prime factors of 908729653?
13, 79, 677, 1307
List the prime factors of 906363195.
3, 5, 60424213
What are the prime factors of 2674550342?
2, 53, 1069, 23603
What are the prime factors of 52050522?
2, 3, 1151, 7537
What are the prime factors of 92018830?
2, 5, 9201883
List the prime factors of 156351655.
5, 41, 43, 17737
What are the prime factors of 34720057?
89, 390113
What are the prime factors of 350023699?
83, 223, 18911
What are the prime factors of 318933422?
2, 3181, 50131
What are the prime factors of 24412928?
2, 47, 2029
List the prime factors of 165465730.
2, 5, 769, 21517
List the prime factors of 1859429567.
18979, 97973
What are the prime factors of 57940849?
57940849
What are the prime factors of 371227048?
2, 643, 72167
List the prime factors of 26269131.
3, 7, 17, 73583
List the prime factors of 23170565.
5, 11, 29, 73, 199
What are the prime factors of 41397241?
41397241
List the prime factors of 169560558.
2, 3, 2477, 3803
List the prime factors of 683121555.
3, 5, 15180479
List the prime factors of 2299794467.
2299794467
List the prime factors of 55639238.
2, 2029, 13711
What are the prime factors of 1076557100?
2, 5, 19, 733, 773
List the prime factors of 1104974644.
2, 2131, 129631
List the prime factors of 321845018.
2, 11, 37, 113, 3499
List the prime factors of 44310774.
2, 3, 19, 388691
What are the prime factors of 66638572?
2, 7, 11, 13, 17, 89
List the prime factors of 50599991.
13, 137, 28411
List the prime factors of 88435790.
2, 5, 29, 467, 653
What are the prime factors of 41296414?
2, 709, 29123
List the prime factors of 628835606.
2, 7, 109, 412081
List the prime factors of 231099300.
2, 3, 5, 461, 557
List the prime factors of 230670811.
7, 19, 1734367
List the prime factors of 1278361267.
29, 44081423
List the prime factors of 2147